actor of 240 and 125?
5
What is the highest common factor of 224 and 8?
8
Calculate the greatest common factor of 5856 and 96.
96
What is the greatest common divisor of 22 and 110?
22
Calculate the greatest common factor of 16 and 20.
4
What is the highest common factor of 2747 and 41?
41
What is the greatest common divisor of 1794 and 483?
69
Calculate the highest common factor of 18 and 4401.
9
Calculate the greatest common factor of 32 and 968.
8
Calculate the highest common factor of 90 and 20.
10
Calculate the greatest common divisor of 3170 and 20.
10
What is the highest common factor of 24 and 32?
8
What is the highest common divisor of 8200 and 24?
8
What is the greatest common factor of 1313 and 26?
13
What is the greatest common divisor of 4 and 2308?
4
Calculate the highest common factor of 231 and 105.
21
Calculate the greatest common factor of 11 and 5489.
11
What is the greatest common divisor of 1432 and 104?
8
Calculate the highest common factor of 171 and 1197.
171
What is the highest common factor of 363 and 44?
11
Calculate the greatest common factor of 30 and 1110.
30
What is the highest common factor of 17 and 7327?
17
Calculate the greatest common factor of 8 and 36.
4
What is the greatest common factor of 10 and 8440?
10
What is the greatest common factor of 140 and 19180?
140
Calculate the highest common factor of 1392 and 36.
12
What is the highest common divisor of 19 and 779?
19
Calculate the greatest common factor of 1921 and 17.
17
Calculate the highest common factor of 186 and 7161.
93
Calculate the greatest common factor of 3 and 843.
3
Calculate the greatest common factor of 484 and 33.
11
Calculate the highest common divisor of 30 and 1390.
10
What is the highest common factor of 10 and 1510?
10
Calculate the highest common divisor of 119 and 21.
7
Calculate the greatest common factor of 13 and 70.
1
Calculate the highest common factor of 875 and 1075.
25
Calculate the highest common divisor of 3647 and 28.
7
What is the greatest common factor of 289 and 17?
17
Calculate the highest common factor of 315 and 35.
35
What is the greatest common divisor of 16 and 3072?
16
Calculate the highest common divisor of 38 and 7182.
38
Calculate the greatest common factor of 11 and 13.
1
What is the greatest common factor of 256 and 1216?
64
Calculate the highest common factor of 104 and 16.
8
What is the highest common divisor of 156 and 21606?
78
Calculate the greatest common factor of 738 and 18.
18
Calculate the greatest common divisor of 82 and 533.
41
What is the highest common factor of 774 and 144?
18
What is the greatest common factor of 12996 and 114?
114
Calculate the highest common divisor of 120 and 60.
60
What is the greatest common factor of 26 and 22282?
26
What is the greatest common divisor of 285 and 57?
57
Calculate the highest common factor of 1715 and 10.
5
What is the highest common factor of 198 and 55?
11
Calculate the highest common divisor of 557 and 1.
1
What is the highest common factor of 76 and 494?
38
What is the greatest common divisor of 2140 and 20?
20
Calculate the highest common divisor of 206 and 22.
2
What is the greatest common divisor of 365 and 73?
73
What is the greatest common divisor of 7 and 154?
7
Calculate the greatest common divisor of 15 and 1175.
5
Calculate the highest common factor of 8 and 6068.
4
What is the highest common divisor of 18 and 558?
18
What is the greatest common divisor of 26 and 6617?
13
Calculate the greatest common factor of 195 and 260.
65
What is the greatest common divisor of 19 and 4541?
19
Calculate the greatest common factor of 51 and 3111.
51
Calculate the highest common divisor of 1173 and 69.
69
What is the greatest common divisor of 10 and 70?
10
What is the highest common divisor of 71 and 71?
71
Calculate the highest common divisor of 152 and 342.
38
Calculate the highest common divisor of 5094 and 18.
18
What is the greatest common divisor of 1413 and 117?
9
What is the greatest common divisor of 3 and 21?
3
Calculate the highest common factor of 125 and 1025.
25
What is the greatest common factor of 2 and 12746?
2
What is the greatest common divisor of 68 and 510?
34
What is the highest common factor of 65 and 104?
13
What is the highest common divisor of 16 and 248?
8
What is the highest common divisor of 70 and 70?
70
Calculate the greatest common divisor of 119 and 221.
17
What is the highest common divisor of 14 and 1141?
7
What is the greatest common divisor of 708 and 48?
12
Calculate the highest common factor of 225 and 325.
25
Calculate the highest common divisor of 3375 and 135.
135
Calculate the greatest common factor of 84 and 210.
42
Calculate the highest common divisor of 11354 and 70.
14
What is the highest common factor of 6 and 39?
3
What is the highest common factor of 13 and 53?
1
Calculate the greatest common factor of 567 and 63.
63
Calculate the highest common factor of 2928 and 1647.
183
What is the greatest common factor of 3355 and 165?
55
What is the highest common factor of 84 and 210?
42
Calculate the highest common factor of 284 and 1278.
142
Calculate the highest common divisor of 44 and 56.
4
Calculate the greatest common divisor of 1081 and 368.
23
What is the highest common divisor of 1197 and 19?
19
What is the highest common divisor of 37506 and 228?
114
Calculate the highest common divisor of 434 and 66619.
217
Calculate the highest common divisor of 39 and 312.
39
What is the greatest common factor of 4992 and 144?
48
Calculate the greatest common divisor of 68 and 1156.
68
What is the greatest common divisor of 14 and 7616?
14
What is the highest common factor of 47 and 96491?
47
Calculate the highest common divisor of 12121 and 3519.
391
Calculate the highest common factor of 5026 and 238.
14
Calculate the highest common divisor of 284 and 14981.
71
What is the highest common divisor of 30 and 582?
6
What is the highest common divisor of 12 and 92?
4
What is the highest common factor of 527 and 62?
31
Calculate the greatest common factor of 24 and 138.
6
Calculate the highest common factor of 21 and 15603.
21
What is the greatest common divisor of 2043 and 9?
9
What is the greatest common divisor of 1312 and 82?
82
What is the highest common divisor of 540 and 20?
20
Calculate the greatest common factor of 336 and 192.
48
Calculate the greatest common factor of 2751 and 63.
21
Calculate the greatest common divisor of 107 and 1177.
107
What is the greatest common factor of 2904 and 22?
22
What is the greatest common divisor of 11151 and 756?
189
Calculate the highest common divisor of 96 and 81.
3
What is the highest common divisor of 1242 and 594?
54
What is the highest common divisor of 536 and 8?
8
Calculate the greatest common divisor of 742 and 5088.
106
Calculate the greatest common divisor of 959 and 3151.
137
What is the highest common factor of 247 and 1183?
13
What is the highest common factor of 11 and 352?
11
Calculate the greatest common divisor of 1183 and 13.
13
Calculate the greatest common factor of 930 and 40.
10
What is the highest common factor of 120 and 10530?
30
What is the greatest common divisor of 28 and 70?
14
Calculate the greatest common divisor of 4469 and 545.
109
What is the highest common factor of 693 and 99?
99
Calculate the highest common factor of 722 and 266.
38
Calculate the greatest common divisor of 4312 and 98.
98
What is the highest common divisor of 72 and 200?
8
Calculate the highest common factor of 61 and 4148.
61
Calculate the greatest common factor of 180 and 420.
60
What is the highest common factor of 210 and 480?
30
Calculate the greatest common factor of 22 and 2794.
22
Calculate the highest common divisor of 56 and 160.
8
Calculate the greatest common divisor of 179 and 23449.
179
What is the highest common divisor of 1595 and 290?
145
What is the highest common factor of 229 and 17862?
229
What is the highest common factor of 552 and 204?
12
Calculate the highest common factor of 1767 and 186.
93
Calculate the greatest common divisor of 248 and 31.
31
Calculate the greatest common factor of 615 and 5125.
205
What is the highest common divisor of 58 and 145?
29
What is the highest common divisor of 135 and 105?
15
What is the greatest common div